highest common factor of 252 and 6876.
36
What is the greatest common factor of 44 and 44011?
11
What is the greatest common divisor of 6658 and 2?
2
Calculate the greatest common divisor of 224 and 350.
14
Calculate the highest common factor of 363 and 1227.
3
Calculate the greatest common divisor of 8110 and 1165.
5
Calculate the greatest common factor of 131333 and 122.
61
Calculate the greatest common divisor of 2974706 and 14.
14
What is the greatest common divisor of 396 and 127476?
36
Calculate the greatest common divisor of 668 and 16366.
334
What is the highest common divisor of 2784 and 306?
6
Calculate the greatest common divisor of 442 and 81464.
34
Calculate the highest common divisor of 133750 and 428.
214
Calculate the greatest common divisor of 189 and 421227.
27
What is the highest common factor of 94 and 255069?
47
What is the greatest common divisor of 12991 and 6908?
11
What is the highest common divisor of 145040 and 32116?
1036
Calculate the greatest common factor of 3 and 85248.
3
What is the highest common factor of 14706 and 15219?
171
What is the greatest common factor of 6944 and 1344?
224
What is the highest common divisor of 90 and 232770?
30
What is the greatest common divisor of 272 and 7752?
136
What is the highest common factor of 32090 and 20?
10
Calculate the highest common factor of 24 and 366336.
24
Calculate the highest common divisor of 78 and 7709.
13
Calculate the highest common factor of 1740 and 180.
60
What is the highest common divisor of 100909 and 13334?
113
Calculate the greatest common divisor of 64634 and 2380.
34
Calculate the greatest common factor of 424916 and 152.
76
Calculate the greatest common factor of 6119 and 4205.
29
What is the highest common divisor of 92 and 687562?
46
What is the highest common factor of 275206 and 148?
74
What is the highest common factor of 175 and 55475?
175
What is the greatest common factor of 13357 and 35017?
361
Calculate the greatest common factor of 11232 and 319176.
936
Calculate the greatest common factor of 576 and 1908.
36
Calculate the greatest common factor of 690 and 7935.
345
What is the greatest common factor of 6314 and 98?
14
What is the highest common divisor of 1353 and 276463?
451
Calculate the highest common divisor of 22296 and 282.
6
What is the highest common divisor of 21190 and 4654?
26
What is the highest common divisor of 3103 and 4387?
107
Calculate the highest common divisor of 10 and 719990.
10
Calculate the greatest common factor of 61869 and 3321.
123
Calculate the greatest common divisor of 6148 and 54.
2
What is the highest common factor of 192 and 1637556?
12
Calculate the greatest common factor of 32200 and 680.
40
What is the greatest common factor of 1332 and 2701?
37
Calculate the highest common factor of 1533 and 123.
3
Calculate the greatest common divisor of 127167 and 2793.
57
What is the highest common divisor of 2 and 177602?
2
Calculate the highest common divisor of 1078 and 78078.
154
What is the greatest common divisor of 3030606 and 404?
202
What is the highest common divisor of 262 and 10054774?
262
What is the highest common factor of 15581321 and 2758?
1379
What is the highest common factor of 6675 and 66483?
267
What is the greatest common factor of 6372 and 104784?
708
What is the highest common factor of 23208 and 96?
24
Calculate the greatest common factor of 59 and 418664.
59
Calculate the highest common divisor of 735158 and 3878.
554
What is the highest common factor of 9968 and 16688?
112
What is the highest common factor of 1530 and 8910?
90
Calculate the greatest common divisor of 91185 and 420.
15
What is the greatest common divisor of 70056 and 54?
18
What is the highest common factor of 14327 and 17?
1
Calculate the greatest common divisor of 52526 and 6.
2
What is the greatest common factor of 53 and 495179?
53
Calculate the highest common factor of 78656 and 64.
64
What is the highest common factor of 41401 and 912?
19
Calculate the greatest common divisor of 630 and 1521270.
90
What is the greatest common factor of 430 and 600065?
215
Calculate the greatest common divisor of 1040 and 247.
13
Calculate the greatest common divisor of 616 and 55286.
154
What is the greatest common divisor of 12675 and 375?
75
Calculate the highest common divisor of 1232 and 7238.
154
Calculate the greatest common factor of 3370256 and 259.
37
Calculate the highest common divisor of 288 and 23346.
18
Calculate the greatest common divisor of 1464 and 28104.
24
What is the greatest common factor of 3438 and 198831?
573
What is the greatest common divisor of 418640 and 340?
20
What is the greatest common divisor of 21746 and 4192?
262
Calculate the greatest common factor of 868 and 5589703.
217
What is the greatest common factor of 1972 and 1207?
17
Calculate the greatest common factor of 9 and 202608.
9
What is the highest common divisor of 74783 and 83?
83
Calculate the greatest common factor of 24485 and 135.
5
Calculate the greatest common divisor of 142 and 2286626.
142
What is the highest common factor of 624 and 76492?
52
Calculate the greatest common divisor of 322 and 5684.
14
Calculate the highest common factor of 216316 and 984.
164
Calculate the greatest common divisor of 37506 and 846.
282
Calculate the greatest common divisor of 1967873 and 191.
191
What is the highest common factor of 22082 and 14480?
362
What is the greatest common divisor of 88522 and 14?
14
Calculate the greatest common divisor of 1032 and 102684.
516
Calculate the highest common factor of 15 and 8925.
15
What is the highest common divisor of 1197699 and 142?
71
Calculate the greatest common factor of 120155 and 35.
35
Calculate the highest common factor of 113793 and 498.
249
What is the greatest common divisor of 17400 and 166170?
870
What is the highest common divisor of 351414 and 168?
42
What is the greatest common factor of 581632 and 71?
71
Calculate the highest common divisor of 5310 and 486.
18
Calculate the highest common factor of 1848169 and 1.
1
Calculate the greatest common factor of 77588 and 2856.
476
Calculate the greatest common factor of 19913 and 1.
1
Calculate the greatest common divisor of 556 and 65469.
139
What is the highest common divisor of 253954 and 45182?
1558
Calculate the highest common divisor of 239380 and 20.
20
Calculate the highest common factor of 118 and 150686.
118
What is the greatest common factor of 80739 and 9?
9
What is the highest common factor of 73 and 18688?
73
What is the greatest common factor of 2964 and 307800?
228
What is the highest common factor of 166292 and 56?
28
Calculate the highest common factor of 5486 and 130.
26
What is the greatest common factor of 20712 and 168?
24
Calculate the greatest common factor of 3629 and 171.
19
What is the greatest common factor of 2340 and 1815?
15
Calculate the greatest common factor of 712 and 4231772.
356
Calculate the greatest common divisor of 2891 and 1768879.
413
What is the greatest common factor of 747 and 308013?
249
What is the greatest common factor of 14651 and 4459?
637
What is the highest common factor of 514725 and 600?
75
What is the greatest common divisor of 908 and 1294127?
227
Calculate the highest common divisor of 1200 and 6440.
40
Calculate the greatest common divisor of 69 and 198444.
69
What is the highest common divisor of 1158 and 141662?
386
Calculate the greatest common divisor of 481256 and 8.
8
What is the greatest common factor of 2916 and 19692?
36
Calculate the highest common factor of 396 and 113916.
132
Calculate the greatest common divisor of 972 and 56700.
324
What is the greatest common divisor of 16320 and 216580?
340
What is the greatest common factor of 30618 and 210?
42
What is the greatest common divisor of 3211 and 2873?
169
Calculate the greatest common divisor of 6478864 and 112.
112
Calculate the greatest common factor of 35807 and 9211.
61
What is the greatest common factor of 2 and 35809?
1
What is the highest common divisor of 2562745 and 355?
355
Calculate the highest common factor of 4090 and 5500.
10
What is the greatest common factor of 5178 and 102?
6
What is the greatest common divisor of 101115 and 225?
45
Calculate the greatest common divisor of 275 and 11245.
5
Calculate t